[INFO] cloning repository https://github.com/huhisoft/adblock-rust-ffi
[INFO] running `Command { std: "git" "-c" "credential.helper=" "-c" "credential.helper=/workspace/cargo-home/bin/git-credential-null" "clone" "--bare" "https://github.com/huhisoft/adblock-rust-ffi" "/workspace/cache/git-repos/https%3A%2F%2Fgithub.com%2Fhuhisoft%2Fadblock-rust-ffi", kill_on_drop: false }`
[INFO] [stderr] Cloning into bare repository '/workspace/cache/git-repos/https%3A%2F%2Fgithub.com%2Fhuhisoft%2Fadblock-rust-ffi'...
[INFO] running `Command { std: "git" "rev-parse" "HEAD", kill_on_drop: false }`
[INFO] [stdout] c97072ee5afe24c1f320365c1e85cc188ffc8ca0
[INFO] checking huhisoft/adblock-rust-ffi against master#af3c6e733a40e671550e0f0f5aeecaa13772ba56 for pr-74989
[INFO] running `Command { std: "git" "clone" "/workspace/cache/git-repos/https%3A%2F%2Fgithub.com%2Fhuhisoft%2Fadblock-rust-ffi" "/workspace/builds/worker-9/source", kill_on_drop: false }`
[INFO] [stderr] Cloning into '/workspace/builds/worker-9/source'...
[INFO] [stderr] done.
[INFO] validating manifest of git repo https://github.com/huhisoft/adblock-rust-ffi on toolchain af3c6e733a40e671550e0f0f5aeecaa13772ba56
[INFO] running `Command { std: "/workspace/cargo-home/bin/cargo" "+af3c6e733a40e671550e0f0f5aeecaa13772ba56" "read-manifest" "--manifest-path" "Cargo.toml", kill_on_drop: false }`
[INFO] started tweaking git repo https://github.com/huhisoft/adblock-rust-ffi
[INFO] finished tweaking git repo https://github.com/huhisoft/adblock-rust-ffi
[INFO] tweaked toml for git repo https://github.com/huhisoft/adblock-rust-ffi written to /workspace/builds/worker-9/source/Cargo.toml
[INFO] crate git repo https://github.com/huhisoft/adblock-rust-ffi already has a lockfile, it will not be regenerated
[INFO] running `Command { std: "/workspace/cargo-home/bin/cargo" "+af3c6e733a40e671550e0f0f5aeecaa13772ba56" "fetch" "--locked" "--manifest-path" "Cargo.toml", kill_on_drop: false }`
[INFO] [stderr]     Blocking waiting for file lock on package cache
[INFO] running `Command { std: "docker" "create" "-v" "/var/lib/crater-agent-workspace/builds/worker-9/target:/opt/rustwide/target:rw,Z" "-v" "/var/lib/crater-agent-workspace/builds/worker-9/source:/opt/rustwide/workdir:ro,Z" "-v" "/var/lib/crater-agent-workspace/cargo-home:/opt/rustwide/cargo-home:ro,Z" "-v" "/var/lib/crater-agent-workspace/rustup-home:/opt/rustwide/rustup-home:ro,Z" "-e" "SOURCE_DIR=/opt/rustwide/workdir" "-e" "CARGO_TARGET_DIR=/opt/rustwide/target" "-e" "CARGO_HOME=/opt/rustwide/cargo-home" "-e" "RUSTUP_HOME=/opt/rustwide/rustup-home" "-w" "/opt/rustwide/workdir" "-m" "1610612736" "--user" "0:0" "--network" "none" "rustops/crates-build-env@sha256:d92eaeed33fa75130ca1ee6c8a01d1ffb62bac859dfdfb3450e3e5d1c0146529" "/opt/rustwide/cargo-home/bin/cargo" "+af3c6e733a40e671550e0f0f5aeecaa13772ba56" "metadata" "--no-deps" "--format-version=1", kill_on_drop: false }`
[INFO] [stdout] b44734cf303a16b4d10b65219fb614094a8f9fa87b7bcc0f0197317f37926283
[INFO] [stderr] WARNING: Your kernel does not support swap limit capabilities or the cgroup is not mounted. Memory limited without swap.
[INFO] running `Command { std: "docker" "start" "-a" "b44734cf303a16b4d10b65219fb614094a8f9fa87b7bcc0f0197317f37926283", kill_on_drop: false }`
[INFO] running `Command { std: "docker" "inspect" "b44734cf303a16b4d10b65219fb614094a8f9fa87b7bcc0f0197317f37926283", kill_on_drop: false }`
[INFO] running `Command { std: "docker" "rm" "-f" "b44734cf303a16b4d10b65219fb614094a8f9fa87b7bcc0f0197317f37926283", kill_on_drop: false }`
[INFO] [stdout] b44734cf303a16b4d10b65219fb614094a8f9fa87b7bcc0f0197317f37926283
[INFO] running `Command { std: "docker" "create" "-v" "/var/lib/crater-agent-workspace/builds/worker-9/target:/opt/rustwide/target:rw,Z" "-v" "/var/lib/crater-agent-workspace/builds/worker-9/source:/opt/rustwide/workdir:ro,Z" "-v" "/var/lib/crater-agent-workspace/cargo-home:/opt/rustwide/cargo-home:ro,Z" "-v" "/var/lib/crater-agent-workspace/rustup-home:/opt/rustwide/rustup-home:ro,Z" "-e" "SOURCE_DIR=/opt/rustwide/workdir" "-e" "CARGO_TARGET_DIR=/opt/rustwide/target" "-e" "CARGO_INCREMENTAL=0" "-e" "RUST_BACKTRACE=full" "-e" "RUSTFLAGS=--cap-lints=forbid" "-e" "CARGO_HOME=/opt/rustwide/cargo-home" "-e" "RUSTUP_HOME=/opt/rustwide/rustup-home" "-w" "/opt/rustwide/workdir" "-m" "1610612736" "--user" "0:0" "--network" "none" "rustops/crates-build-env@sha256:d92eaeed33fa75130ca1ee6c8a01d1ffb62bac859dfdfb3450e3e5d1c0146529" "/opt/rustwide/cargo-home/bin/cargo" "+af3c6e733a40e671550e0f0f5aeecaa13772ba56" "check" "--frozen" "--all" "--all-targets" "--message-format=json", kill_on_drop: false }`
[INFO] [stdout] 64672630adf777292405c0124d48366aa64d86bf28718cf1d225c82246cd1979
[INFO] [stderr] WARNING: Your kernel does not support swap limit capabilities or the cgroup is not mounted. Memory limited without swap.
[INFO] running `Command { std: "docker" "start" "-a" "64672630adf777292405c0124d48366aa64d86bf28718cf1d225c82246cd1979", kill_on_drop: false }`
[INFO] [stderr]    Compiling proc-macro2 v0.4.30
[INFO] [stderr]    Compiling unicode-xid v0.1.0
[INFO] [stderr]    Compiling syn v0.15.43
[INFO] [stderr]    Compiling serde v1.0.98
[INFO] [stderr]    Compiling cfg-if v0.1.9
[INFO] [stderr]    Compiling version_check v0.1.5
[INFO] [stderr]    Compiling memchr v2.2.1
[INFO] [stderr]    Compiling smallvec v0.6.10
[INFO] [stderr]    Compiling byteorder v1.3.2
[INFO] [stderr]    Compiling log v0.4.8
[INFO] [stderr]    Compiling semver-parser v0.7.0
[INFO] [stderr]    Compiling native-tls v0.2.3
[INFO] [stderr]    Compiling openssl-probe v0.1.2
[INFO] [stderr]    Compiling crc32fast v1.2.0
[INFO] [stderr]     Checking matches v0.1.8
[INFO] [stderr]     Checking lazy_static v1.3.0
[INFO] [stderr]     Checking adler32 v1.0.3
[INFO] [stderr]     Checking rustc-demangle v0.1.15
[INFO] [stderr]     Checking stable_deref_trait v1.1.1
[INFO] [stderr]     Checking regex-syntax v0.6.11
[INFO] [stderr]     Checking either v1.5.2
[INFO] [stderr]     Checking unchecked-index v0.2.2
[INFO] [stderr]     Checking percent-encoding v1.0.1
[INFO] [stderr]     Checking seahash v3.0.6
[INFO] [stderr]     Checking itoa v0.4.4
[INFO] [stderr]     Checking lifeguard v0.6.0
[INFO] [stderr]    Compiling openssl-sys v0.9.48
[INFO] [stderr]    Compiling num-traits v0.2.8
[INFO] [stderr]     Checking unicode-bidi v0.3.4
[INFO] [stderr]    Compiling unicode-normalization v0.1.8
[INFO] [stderr]    Compiling semver v0.9.0
[INFO] [stderr]     Checking miniz_oxide v0.3.1
[INFO] [stderr]     Checking thread_local v0.3.6
[INFO] [stderr]     Checking itertools v0.8.0
[INFO] [stderr]    Compiling libc v0.2.60
[INFO] [stderr]    Compiling bitflags v1.1.0
[INFO] [stderr]     Checking ryu v1.0.0
[INFO] [stderr]    Compiling error-chain v0.12.1
[INFO] [stderr]    Compiling rustc_version v0.2.3
[INFO] [stderr]     Checking backtrace v0.3.34
[INFO] [stderr]     Checking backtrace-sys v0.1.31
[INFO] [stderr]     Checking miniz_oxide_c_api v0.2.3
[INFO] [stderr]     Checking base64 v0.10.1
[INFO] [stderr]     Checking aho-corasick v0.7.6
[INFO] [stderr]     Checking twoway v0.2.0
[INFO] [stderr]    Compiling openssl v0.10.24
[INFO] [stderr]    Compiling psl v0.4.1
[INFO] [stderr]    Compiling quote v0.6.13
[INFO] [stderr]     Checking idna v0.1.5
[INFO] [stderr]     Checking flate2 v1.0.9
[INFO] [stderr]    Compiling syn v0.14.9
[INFO] [stderr]     Checking num-traits v0.1.43
[INFO] [stderr]     Checking rmp v0.8.7
[INFO] [stderr]     Checking url v1.7.2
[INFO] [stderr]     Checking regex v1.2.1
[INFO] [stderr]    Compiling psl-lexer v0.2.0
[INFO] [stderr]    Compiling psl-codegen v0.4.2
[INFO] [stderr]    Compiling serde_derive v1.0.98
[INFO] [stderr]    Compiling rental-impl v0.5.4
[INFO] [stderr]     Checking rental v0.5.4
[INFO] [stderr]     Checking rmp-serde v0.13.7
[INFO] [stderr]     Checking hashbrown v0.3.1
[INFO] [stderr]     Checking serde_json v1.0.40
[INFO] [stdout] error: proc-macro derive panicked
[INFO] [stdout]  --> /opt/rustwide/cargo-home/registry/src/github.com-1ecc6299db9ec823/psl-0.4.1/src/list.rs:6:10
[INFO] [stdout]   |
[INFO] [stdout] 6 | #[derive(Psl, Copy, Clone, Eq, PartialEq, Ord, PartialOrd, Hash, Debug, Default)]
[INFO] [stdout]   |          ^^^
[INFO] [stdout]   |
[INFO] [stdout]   = help: message: failed to download the list: failed to lookup address information: Temporary failure in name resolution
[INFO] [stdout] 
[INFO] [stdout] 
[INFO] [stdout] error: proc-macro derive panicked
[INFO] [stdout]  --> /opt/rustwide/cargo-home/registry/src/github.com-1ecc6299db9ec823/psl-0.4.1/src/list.rs:6:10
[INFO] [stdout]   |
[INFO] [stdout] 6 | #[derive(Psl, Copy, Clone, Eq, PartialEq, Ord, PartialOrd, Hash, Debug, Default)]
[INFO] [stdout]   |          ^^^
[INFO] [stdout]   |
[INFO] [stdout]   = help: message: failed to download the list: failed to lookup address information: Temporary failure in name resolution
[INFO] [stdout] 
[INFO] [stdout] 
[INFO] [stdout] error[E0599]: no method named `domain` found for struct `List` in the current scope
[INFO] [stdout]   --> /opt/rustwide/cargo-home/registry/src/github.com-1ecc6299db9ec823/psl-0.4.1/src/list.rs:28:20
[INFO] [stdout]    |
[INFO] [stdout] 7  | pub struct List;
[INFO] [stdout]    | ---------------- method `domain` not found for this
[INFO] [stdout] ...
[INFO] [stdout] 28 |         match List.domain(input) {
[INFO] [stdout]    |                    ^^^^^^ method not found in `List`
[INFO] [stdout]    |
[INFO] [stdout]    = help: items from traits can only be used if the trait is implemented and in scope
[INFO] [stdout] note: `Psl` defines an item `domain`, perhaps you need to implement it
[INFO] [stdout]   --> /opt/rustwide/cargo-home/registry/src/github.com-1ecc6299db9ec823/psl-0.4.1/src/lib.rs:48:1
[INFO] [stdout]    |
[INFO] [stdout] 48 | pub trait Psl {
[INFO] [stdout]    | ^^^^^^^^^^^^^
[INFO] [stdout] 
[INFO] [stdout] 
[INFO] [stdout] error[E0599]: no method named `suffix` found for struct `List` in the current scope
[INFO] [stdout]   --> /opt/rustwide/cargo-home/registry/src/github.com-1ecc6299db9ec823/psl-0.4.1/src/list.rs:51:20
[INFO] [stdout]    |
[INFO] [stdout] 7  | pub struct List;
[INFO] [stdout]    | ---------------- method `suffix` not found for this
[INFO] [stdout] ...
[INFO] [stdout] 51 |         match List.suffix(input) {
[INFO] [stdout]    |                    ^^^^^^ method not found in `List`
[INFO] [stdout]    |
[INFO] [stdout]    = help: items from traits can only be used if the trait is implemented and in scope
[INFO] [stdout] note: `Psl` defines an item `suffix`, perhaps you need to implement it
[INFO] [stdout]   --> /opt/rustwide/cargo-home/registry/src/github.com-1ecc6299db9ec823/psl-0.4.1/src/lib.rs:48:1
[INFO] [stdout]    |
[INFO] [stdout] 48 | pub trait Psl {
[INFO] [stdout]    | ^^^^^^^^^^^^^
[INFO] [stdout] 
[INFO] [stdout] 
[INFO] [stdout] error[E0599]: no method named `domain` found for struct `List` in the current scope
[INFO] [stdout]   --> /opt/rustwide/cargo-home/registry/src/github.com-1ecc6299db9ec823/psl-0.4.1/src/list.rs:28:20
[INFO] [stdout]    |
[INFO] [stdout] 7  | pub struct List;
[INFO] [stdout]    | ---------------- method `domain` not found for this
[INFO] [stdout] ...
[INFO] [stdout] 28 |         match List.domain(input) {
[INFO] [stdout]    |                    ^^^^^^ method not found in `List`
[INFO] [stdout]    |
[INFO] [stdout]    = help: items from traits can only be used if the trait is implemented and in scope
[INFO] [stdout] note: `Psl` defines an item `domain`, perhaps you need to implement it
[INFO] [stdout]   --> /opt/rustwide/cargo-home/registry/src/github.com-1ecc6299db9ec823/psl-0.4.1/src/lib.rs:48:1
[INFO] [stdout]    |
[INFO] [stdout] 48 | pub trait Psl {
[INFO] [stdout]    | ^^^^^^^^^^^^^
[INFO] [stdout] 
[INFO] [stdout] 
[INFO] [stdout] error: aborting due to 3 previous errors
[INFO] [stdout] 
[INFO] [stdout] 
[INFO] [stdout] For more information about this error, try `rustc --explain E0599`.
[INFO] [stdout] 
[INFO] [stdout] error[E0599]: no method named `suffix` found for struct `List` in the current scope
[INFO] [stdout]   --> /opt/rustwide/cargo-home/registry/src/github.com-1ecc6299db9ec823/psl-0.4.1/src/list.rs:51:20
[INFO] [stdout]    |
[INFO] [stdout] 7  | pub struct List;
[INFO] [stdout]    | ---------------- method `suffix` not found for this
[INFO] [stdout] ...
[INFO] [stdout] 51 |         match List.suffix(input) {
[INFO] [stdout]    |                    ^^^^^^ method not found in `List`
[INFO] [stdout]    |
[INFO] [stdout]    = help: items from traits can only be used if the trait is implemented and in scope
[INFO] [stdout] note: `Psl` defines an item `suffix`, perhaps you need to implement it
[INFO] [stdout]   --> /opt/rustwide/cargo-home/registry/src/github.com-1ecc6299db9ec823/psl-0.4.1/src/lib.rs:48:1
[INFO] [stdout]    |
[INFO] [stdout] 48 | pub trait Psl {
[INFO] [stdout]    | ^^^^^^^^^^^^^
[INFO] [stdout] 
[INFO] [stdout] 
[INFO] [stdout] error: aborting due to 3 previous errors
[INFO] [stdout] 
[INFO] [stdout] 
[INFO] [stderr] error: could not compile `psl`.
[INFO] [stderr] 
[INFO] [stderr] To learn more, run the command again with --verbose.
[INFO] [stderr] warning: build failed, waiting for other jobs to finish...
[INFO] [stdout] For more information about this error, try `rustc --explain E0599`.
[INFO] [stdout] 
[INFO] [stderr] error: build failed
[INFO] running `Command { std: "docker" "inspect" "64672630adf777292405c0124d48366aa64d86bf28718cf1d225c82246cd1979", kill_on_drop: false }`
[INFO] running `Command { std: "docker" "rm" "-f" "64672630adf777292405c0124d48366aa64d86bf28718cf1d225c82246cd1979", kill_on_drop: false }`
[INFO] [stdout] 64672630adf777292405c0124d48366aa64d86bf28718cf1d225c82246cd1979
